 digit of m?
2
Suppose -26580 = -13*n + 4529. What is the tens digit of n?
9
Let t(w) = -1285*w + 849. What is the units digit of t(-4)?
9
Let m = 61939 + -21852. What is the thousands digit of m?
0
Let k(c) = -362*c + 2103. What is the hundreds digit of k(-110)?
9
Suppose -370692 = -42*s - 70761 + 120153. What is the units digit of s?
2
Let s = -460 + 662. Let b(i) = i**3 + 10*i**2 + 7*i - 15. Let w be b(-5). Let c = s - w. What is the tens digit of c?
2
Suppose q - 15189 = -3*p, -3*p - 1119 + 16308 = -q. What is the tens digit of p?
6
Suppose p - 4 + 0 = 0. Suppose 5*j - p*j = 4. Suppose -j*c = u - 73, -2*u + 13 + 115 = -c. What is the tens digit of u?
6
What is the hundreds digit of 11/22*(10 + 50)*3274/5?
6
Let m(y) = -2*y - 11. Let k be m(-8). Suppose 4*d = -k*x + 22, 0 = -4*x + 5*d - 9 + 2. Suppose 86 = 4*s - x*s + w, -5*w = -s + 65. What is the units digit of s?
5
Suppose 6*q - 949 = 1829. What is the tens digit of -3 - 1 - -2*q?
2
What is the units digit of (17/85*-58)/(4/(-3810))?
9
Let k(g) = 5725*g - 25. Let t be k(-1). What is the units digit of (2/(-4))/(23/t)?
5
Let h(b) = 294*b**3 - 2*b**2 + b - 5. Let a be h(2). Suppose -5*c = 2*z - 924, 14*z + 3*c = 19*z - a. What is the hundreds digit of z?
4
Let q = 3217 - 2277. Let w = -529 + q. What is the tens digit of w?
1
Suppose 0 = -2*z - d + 7274 + 684, 5*z + 3*d - 19897 = 0. What is the thousands digit of z?
3
Let b be -7 + (-4)/(0 - -4). Let z be b/6 - (-3 - 44/(-12)). What is the tens digit of (-2)/(z/15)*16/12?
2
Let n(y) = y**3 - 20*y**2 + 20*y + 10. Suppose 5*s - 12 = -4*v, 0 = -7*v + 4*v - 5*s + 9. Let p be v/(-2) + (-41)/(-2). What is the tens digit of n(p)?
2
Suppose -33*i + 9066 = -22020. Suppose 12*f = 1842 + i. What is the tens digit of f?
3
Suppose 0 = 5*r - m - 10488, -7 + 1 = -3*m. Suppose 2*d - g = r, -2*d - 5259 = -7*d - g. What is the thousands digit of d?
1
Let t(b) = b**3 - 10*b**2 + 144*b - 32. What is the hundreds digit of t(24)?
4
Let i be 2271/15 - 3*(-4)/(-30). Suppose l - 2*l = d + 27, 5*l + d = -i. Let z = -6 - l. What is the units digit of z?
5
Let o = 17856 - 12442. What is the thousands digit of o?
5
Let j = -5319 - -20812. What is the hundreds digit of j?
4
Suppose -2*t + 226 = -4*t + 2*a, -216 = 2*t + 3*a. Let l = t - -106. What is the tens digit of ((-12)/10)/(l/5)*180?
1
Let y(b) = -127*b**2 + 17*b + 11. Let z be y(3). Let d = -734 - z. What is the hundreds digit of d?
3
Let d be (2724/24 + -12)*(-8)/(-14). Suppose -d*k + 3695 = -53*k. What is the units digit of k?
9
Suppose 3*g + 4*u = -40, 3*g - 3*u = 5*g + 27. Let p be (-1 + 2 + (-15 - -12))*g. What is the hundreds digit of (16/p)/(2/624)?
2
Let l be 2/(466/464*2 + -2). Let c = 66 + l. What is the units digit of c?
8
Suppose 2*x + 5*x = -11*x + 134082. What is the thousands digit of x?
7
Let b be 3 - 4*(1 - 40). Suppose -b = -2*c - 3*p, -c = p + 3*p - 67. What is the tens digit of c?
8
Let h(c) = -349*c - 391. What is the hundreds digit of h(-13)?
1
Suppose -132 = -d - 126. Suppose d*v = -8*v + 1428. What is the units digit of v?
2
Let p(q) = -q**2 + q + 51. Let j be p(6). Suppose j*z - 22*z = -138. What is the units digit of z?
8
Suppose 2*a + 4 = 4*f - 16, -5*f + 5*a + 35 = 0. Suppose f*j - 361 - 116 = 0. What is the tens digit of j?
5
Suppose -1 = 19*l - 20*l - 2*k, -5*l = k - 32. Suppose l*o = 15*o - 4080. What is the tens digit of o?
1
Let y(f) = -11*f + 7*f - 34 - 11*f + 2*f**2. What is the tens digit of y(-13)?
9
What is the hundreds digit of -1 + (85355 - 31) - (0 + (-21)/3)?
3
Let v(l) = -26*l - 86. Let u be v(4). Let k = -95 - u. What is the tens digit of k?
9
Let i(v) = -v**3 + 16*v**2 - 21*v + 20. Let f be i(15). Let p be 6*(-5 - f/15). Let l(u) = -12*u**3 - 6*u**2 - 11*u - 4. What is the units digit of l(p)?
0
Let v(h) = -11*h + 40. Let u = 436 - 450. What is the tens digit of v(u)?
9
Let z(k) be the second derivative of -k**5/20 - 3*k**4/4 - k**3/3 + 13*k**2/2 - 9*k. Let o be z(-9). Let r = o - 19. What is the units digit of r?
2
Suppose 0 = -4*y + 12, 48*x + y = 45*x + 49788. What is the thousands digit of x?
6
What is the thousands digit of (-102137710)/(-5800) - (-1)/20?
7
Suppose 10*d + 3*y = 12*d - 8296, 16598 = 4*d - 3*y. What is the hundreds digit of d?
1
Let x(h) = -4*h**3 + h**2 - 34*h + 11. Let d(v) = 13*v**3 - 2*v**2 + 103*v - 32. Let q(o) = 3*d(o) + 10*x(o). What is the units digit of q(-7)?
0
What is the hundreds digit of 200155/50 + 15/(-150)?
0
Let n be (-69)/(-15) + (-2)/(-5). Let t be 0 - (35/n - 3). What is the units digit of ((215 - t)/3)/1?
3
Let x be 22/(-33)*(1 - 11/2). Suppose -x*b = 3*f + 468, -2*b + 2*f = -0*f + 292. Let m = b + 269. What is the units digit of m?
8
What is the tens digit of ((-61)/(-1098))/((-2)/9)*-181672?
1
Suppose 0*j - 47 = 5*r + 3*j, -5*r - 51 = 4*j. Let b be 2 + 0/2 + r. Let w(l) = 4*l**2 + 8*l - 8. What is the tens digit of w(b)?
5
What is the hundreds digit of (846000/420)/(1*2/21)?
1
Suppose -c + 3*v = -10, 95*v = -2*c + 94*v - 8. Let h(z) = -z**3 - 3*z**2 + 4*z - 2. Let w be h(-4). What is the tens digit of ((-5)/w)/(c/(-68))?
8
Let s be (-4 + 7 + -4)*3. Let t be (1 - 34/(-8))/(s/(-8)). Suppose -t*n + 27 + 1345 = 0. What is the tens digit of n?
9
Suppose -2*a = 3*a - 5*l - 45, 2*l = -a + 18. Suppose -5*f = -4*f - 2, 3*s + 3*f = a. Suppose 0 = s*o + 2*v - 188, -5*v = 6 + 4. What is the tens digit of o?
9
Let g(x) = 163*x**2 - 123*x - 33. What is the hundreds digit of g(-6)?
5
Let p(q) = -q + 1. Let g be p(-2). What is the units digit of (1*(-2)/g)/((-8)/1116)?
3
Suppose -3*d + 144171 = m, -d - 68*m + 48042 = -66*m. What is the tens digit of d?
6
Let o be (9102/36 - 3)*6. What is the tens digit of (-42)/(-24)*-4 + o?
9
Suppose -7 = -5*n + 8. Let y be 1*(-6 + n)/3. What is the tens digit of ((-75)/12 + -1)/(y/4)?
2
Let c(q) = -2*q**3 - 15*q**2 - 39*q - 356. What is the thousands digit of c(-15)?
3
Suppose 0*h + 13*h = -57*h + 1303400. What is the thousands digit of h?
8
Let q(n) = 46*n + 7. Let a(x) = -31*x - 5. Let m(b) = -8*a(b) - 5*q(b). Let z be m(2). Suppose 25*k - 24*k = z. What is the tens digit of k?
4
Suppose 20*u = -22760 + 113267 + 35853. What is the units digit of u?
8
Suppose 2*j - 2*b + 14 - 12 = 0, j + 7 = -5*b. Let w(x) = -109*x**3 - 3*x**2 - 14*x - 23. What is the units digit of w(j)?
5
Let v(m) = m**2 + 79. Let d be v(0). Let u = d - 79. Suppose u = 3*i - 74 - 103. What is the tens digit of i?
5
Suppose 30*a + 4 = 31*a, n - 4*a = 6534. What is the units digit of n?
0
Let f = -16217 + 26058. What is the units digit of f?
1
Suppose -3*o + 2 = 4*y + 3, -4*o - 6 = 3*y. Suppose -11*w + y*w = -396. What is the tens digit of w?
4
Suppose 0 = -3*m + p - 1012 - 151, -p = 3*m + 1165. What is the hundreds digit of -13 + 15 + (2 - 0 - m)?
3
Let c(j) = -65*j - 62. Let g be c(-5). Let u = 313 - g. What is the units digit of u?
0
Let m = 4 + 86. Let l be 5/(m/824) + (-8)/(-36). Let z = l + -11. What is the tens digit of z?
3
Suppose 17*j + 4 - 1347 = 0. What is the units digit of j?
9
Let h(p) = 5 - 2 - 2*p + 3 + 0. Let c be h(5). What is the tens digit of 681/12 + ((-5)/c)/5?
5
Suppose -3*j = -12, 5*r - j - 233 = 2*j. Let a be 6/2*1947/99. Let m = r + a. What is the tens digit of m?
0
Suppose 3*g - 6 = 0, -4*y = 2*g - 5*g + 2942. Let o = y - -1262. What is the tens digit of o?
2
Let z be 7473/94*(-20)/(-1). Suppose 11*f = f + z. What is the tens digit of f?
5
What is the units digit of (-18313)/(-3) + (13/(-12) - 108/(-144))?
4
Let y = -107 + 120. Suppose -y*s + 20*s = 7644. Suppose s = 5*z + 5*g - 2*g, 0 = 5*z - 5*g - 1060. What is the hundreds digit of z?
2
Let x(c) = c - 4. Let n be x(6). Suppose -16596 = f - n*f + 2*w, -2*f + w + 33180 = 0. What is the units digit of f/66 + (-2 + 3)/(-3)?
1
Suppose -227*w + 5671480 = -111345. What is the ten thousands digit of w?
2
Let u(t) = -14*t - 50 + 79 - 223*t. Let c be u(-8). Suppose -8*d - 3*d + c = 0. What is the tens digit of d?
7
Suppose 2 = 3*o - 2*w - 2, -w = -2*o + 3. Suppose 10 - 4 = o*x. Suppose 0 = -5*b - x*r + 120, 5*b + r = -0*r + 110. What is the units digit of b?
1
What is the units digit of (2 - 3) + (-15215)/(10 - 15)?
2
Let g(c) = -15*c - 118. Let n be g(-8). What is the hundreds digit of (-3)/(-4)*((-26336)/(-12))/n?
8
Let d(u) = 264*u**2 - u - 130. What is the ten